{"id":14869,"date":"2021-01-20T09:30:11","date_gmt":"2021-01-20T08:30:11","guid":{"rendered":"http:\/\/demo.qodeinteractive.com\/bridge9\/?page_id=14869"},"modified":"2025-12-18T14:21:44","modified_gmt":"2025-12-18T13:21:44","slug":"home","status":"publish","type":"page","link":"https:\/\/www.tetedefense.fr\/","title":{"rendered":"Accueil"},"content":{"rendered":"<p>[vc_row css_animation=\u00a0\u00bb\u00a0\u00bb row_type=\u00a0\u00bbrow\u00a0\u00bb use_row_as_full_screen_section=\u00a0\u00bbno\u00a0\u00bb type=\u00a0\u00bbgrid\u00a0\u00bb angled_section=\u00a0\u00bbno\u00a0\u00bb text_align=\u00a0\u00bbcenter\u00a0\u00bb background_image_as_pattern=\u00a0\u00bbwithout_pattern\u00a0\u00bb padding_top=\u00a0\u00bb87&Prime; padding_bottom=\u00a0\u00bb0&Prime; z_index=\u00a0\u00bb\u00a0\u00bb][vc_column][vc_column_text]<\/p>\n<h2 style=\"text-align: center;\">Oser, proposer, inventer c&rsquo;est agir pour demain<\/h2>\n<p>[\/vc_column_text][vc_separator type=\u00a0\u00bbsmall\u00a0\u00bb position=\u00a0\u00bbcenter\u00a0\u00bb up=\u00a0\u00bb7&Prime; down=\u00a0\u00bb38&Prime;][vc_column_text]<\/p>\n<h4 style=\"text-align: center;\">L\u2019Humain au c\u0153ur de la relation<\/h4>\n<p>[\/vc_column_text][vc_separator type=\u00a0\u00bbtransparent\u00a0\u00bb up=\u00a0\u00bb31&Prime; down=\u00a0\u00bb19&Prime;][vc_row_inner row_type=\u00a0\u00bbrow\u00a0\u00bb type=\u00a0\u00bbfull_width\u00a0\u00bb text_align=\u00a0\u00bbcenter\u00a0\u00bb css_animation=\u00a0\u00bb\u00a0\u00bb][vc_column_inner][vc_column_text]<\/p>\n<p style=\"text-align: center;\">Cr\u00e9\u00e9e en 1994, la soci\u00e9t\u00e9 T\u00eate D\u00e9fense est devenue un partenaire privil\u00e9gi\u00e9 des entreprises en leur fournissant les meilleurs outils et services dans les domaines de l&rsquo;infog\u00e9rance, de l&rsquo;impression, de la t\u00e9l\u00e9phonie sur IP et des solutions informatiques d&rsquo;optimisation de l&rsquo;activit\u00e9.<\/p>\n<p>&nbsp;<\/p>\n<p style=\"text-align: center;\">Anim\u00e9e par une \u00e9quipe de plus de 20 sp\u00e9cialistes b\u00e9n\u00e9ficiant d\u2019une exp\u00e9rience solide et confirm\u00e9e, nous travaillons jour apr\u00e8s jour afin de vous proposer des solutions innovantes et adapt\u00e9es \u00e0 votre secteur d\u2019activit\u00e9.<\/p>\n<p>[\/vc_column_text][\/vc_column_inner][\/vc_row_inner][vc_empty_space]<a  itemprop=\"url\" href=\"https:\/\/www.tetedefense.fr\/index.php\/societe\/\" target=\"_self\"  class=\"qbutton  center default\" style=\"margin: 0px 0px 0px 10px; \">En apprendre plus sur nous<\/a>[\/vc_column][\/vc_row][vc_row css_animation=\u00a0\u00bb\u00a0\u00bb row_type=\u00a0\u00bbrow\u00a0\u00bb use_row_as_full_screen_section=\u00a0\u00bbno\u00a0\u00bb type=\u00a0\u00bbgrid\u00a0\u00bb angled_section=\u00a0\u00bbno\u00a0\u00bb text_align=\u00a0\u00bbleft\u00a0\u00bb background_image_as_pattern=\u00a0\u00bbwithout_pattern\u00a0\u00bb background_color=\u00a0\u00bb#ffffff\u00a0\u00bb padding_top=\u00a0\u00bb87&Prime; padding_bottom=\u00a0\u00bb81&Prime; el_class=\u00a0\u00bbcustom_color\u00a0\u00bb][vc_column][vc_column_text]<\/p>\n<h2 style=\"text-align: center;\">La mission de l&rsquo;entreprise<\/h2>\n<p>[\/vc_column_text][vc_separator type=\u00a0\u00bbsmall\u00a0\u00bb position=\u00a0\u00bbcenter\u00a0\u00bb up=\u00a0\u00bb7&Prime; down=\u00a0\u00bb35&Prime;][vc_column_text]<\/p>\n<h4 style=\"text-align: center;\">Depuis notre cr\u00e9ation, nous avons pour mission de fournir aux entreprises<\/h4>\n<h4 style=\"text-align: center;\">les outils et services leur permettant de fonctionner<\/h4>\n<p>[\/vc_column_text][vc_separator type=\u00a0\u00bbtransparent\u00a0\u00bb up=\u00a0\u00bb48&Prime; down=\u00a0\u00bb0&Prime;][qode_circles columns=\u00a0\u00bbthree_columns\u00a0\u00bb circle_line=\u00a0\u00bbwith_line\u00a0\u00bb][qode_circle type=\u00a0\u00bbimage_type\u00a0\u00bb link_target=\u00a0\u00bb_self\u00a0\u00bb title=\u00a0\u00bbBureautique\u00a0\u00bb text=\u00a0\u00bbSolutions d&rsquo;impression, achat\/location de photocopieur, impression grand format, SAV et support&#8230;\u00a0\u00bb image=\u00a0\u00bb16049&Prime; link=\u00a0\u00bbhttps:\/\/www.tetedefense.fr\/index.php\/bureautique\/\u00a0\u00bb][qode_circle type=\u00a0\u00bbimage_type\u00a0\u00bb link_target=\u00a0\u00bb_self\u00a0\u00bb title=\u00a0\u00bbInformatique\u00a0\u00bb text=\u00a0\u00bbGED, maintenance informatique, maintenance serveur, infog\u00e9rence, architecture r\u00e9seau&#8230;\u00a0\u00bb image=\u00a0\u00bb16050&Prime; link=\u00a0\u00bbhttps:\/\/www.tetedefense.fr\/index.php\/informatique\/\u00a0\u00bb][qode_circle type=\u00a0\u00bbimage_type\u00a0\u00bb link_target=\u00a0\u00bb_self\u00a0\u00bb title=\u00a0\u00bbT\u00e9l\u00e9phonie\u00a0\u00bb text=\u00a0\u00bbT\u00eate D\u00e9fense propose des solutions de t\u00e9l\u00e9phonie sur IP professionnelle.\u00a0\u00bb image=\u00a0\u00bb16051&Prime; link=\u00a0\u00bbhttps:\/\/www.tetedefense.fr\/index.php\/telephonie\/\u00a0\u00bb][\/qode_circles][\/vc_column][\/vc_row][vc_row css_animation=\u00a0\u00bb\u00a0\u00bb row_type=\u00a0\u00bbrow\u00a0\u00bb use_row_as_full_screen_section=\u00a0\u00bbno\u00a0\u00bb type=\u00a0\u00bbgrid\u00a0\u00bb angled_section=\u00a0\u00bbno\u00a0\u00bb text_align=\u00a0\u00bbleft\u00a0\u00bb background_image_as_pattern=\u00a0\u00bbwithout_pattern\u00a0\u00bb padding_top=\u00a0\u00bb70&Prime; padding_bottom=\u00a0\u00bb71&Prime;][vc_column][vc_column_text]<\/p>\n<h2 style=\"text-align: center;\">Nos partenaires<\/h2>\n<p>[\/vc_column_text][vc_separator type=\u00a0\u00bbsmall\u00a0\u00bb position=\u00a0\u00bbcenter\u00a0\u00bb up=\u00a0\u00bb7&Prime; down=\u00a0\u00bb35&Prime;]<div class='qode_carousels_holder clearfix'><div class='qode_carousels' data-number-of-visible-items=''><ul class='slides'><li class='item'><div class=\"carousel_item_holder\"><span class='first_image_holder has_hover_image'><img decoding=\"async\" itemprop=\"image\" src=\"http:\/\/www.tetedefense.fr\/wp-content\/uploads\/2020\/11\/watch_NB.jpg\" alt=\"carousel image\" \/><\/span><span class='second_image_holder has_hover_image'><img decoding=\"async\" itemprop=\"image\" src=\"http:\/\/www.tetedefense.fr\/wp-content\/uploads\/2020\/11\/watch.jpg\" alt=\"carousel image\" \/><\/span><\/div><\/li><li class='item'><div class=\"carousel_item_holder\"><span class='first_image_holder has_hover_image'><img decoding=\"async\" itemprop=\"image\" src=\"http:\/\/www.tetedefense.fr\/wp-content\/uploads\/2020\/11\/service_client_NB.jpg\" alt=\"carousel image\" \/><\/span><span class='second_image_holder has_hover_image'><img decoding=\"async\" itemprop=\"image\" src=\"http:\/\/www.tetedefense.fr\/wp-content\/uploads\/2020\/11\/service_client.jpg\" alt=\"carousel image\" \/><\/span><\/div><\/li><li class='item'><div class=\"carousel_item_holder\"><span class='first_image_holder has_hover_image'><img decoding=\"async\" itemprop=\"image\" src=\"http:\/\/www.tetedefense.fr\/wp-content\/uploads\/2020\/11\/microsoft_NB.jpg\" alt=\"carousel image\" \/><\/span><span class='second_image_holder has_hover_image'><img decoding=\"async\" itemprop=\"image\" src=\"http:\/\/www.tetedefense.fr\/wp-content\/uploads\/2020\/11\/microsoft.jpg\" alt=\"carousel image\" \/><\/span><\/div><\/li><li class='item'><div class=\"carousel_item_holder\"><span class='first_image_holder has_hover_image'><img decoding=\"async\" itemprop=\"image\" src=\"http:\/\/www.tetedefense.fr\/wp-content\/uploads\/2020\/11\/Logo_Eaton_Poweradvantage_Agree_NB.jpg\" alt=\"carousel image\" \/><\/span><span class='second_image_holder has_hover_image'><img decoding=\"async\" itemprop=\"image\" src=\"http:\/\/www.tetedefense.fr\/wp-content\/uploads\/2020\/11\/Logo_Eaton_Poweradvantage_Agree.jpg\" alt=\"carousel image\" \/><\/span><\/div><\/li><li class='item'><div class=\"carousel_item_holder\"><span class='first_image_holder has_hover_image'><img decoding=\"async\" itemprop=\"image\" src=\"http:\/\/www.tetedefense.fr\/wp-content\/uploads\/2020\/11\/aruba_NB.jpg\" alt=\"carousel image\" \/><\/span><span class='second_image_holder has_hover_image'><img decoding=\"async\" itemprop=\"image\" src=\"http:\/\/www.tetedefense.fr\/wp-content\/uploads\/2020\/11\/aruba.jpg\" alt=\"carousel image\" \/><\/span><\/div><\/li><li class='item'><div class=\"carousel_item_holder\"><span class='first_image_holder has_hover_image'><img decoding=\"async\" itemprop=\"image\" src=\"http:\/\/www.tetedefense.fr\/wp-content\/uploads\/2021\/03\/Logo_canon_2020_NB.jpg\" alt=\"carousel image\" \/><\/span><span class='second_image_holder has_hover_image'><img decoding=\"async\" itemprop=\"image\" src=\"http:\/\/www.tetedefense.fr\/wp-content\/uploads\/2021\/03\/Logo_canon_2020_GOLD.jpg\" alt=\"carousel image\" \/><\/span><\/div><\/li><\/ul><\/div><\/div>[\/vc_column][\/vc_row]<\/p>\n","protected":false},"excerpt":{"rendered":"<p>[vc_row css_animation=\u00a0\u00bb\u00a0\u00bb row_type=\u00a0\u00bbrow\u00a0\u00bb use_row_as_full_screen_section=\u00a0\u00bbno\u00a0\u00bb type=\u00a0\u00bbgrid\u00a0\u00bb angled_section=\u00a0\u00bbno\u00a0\u00bb text_align=\u00a0\u00bbcenter\u00a0\u00bb background_image_as_pattern=\u00a0\u00bbwithout_pattern\u00a0\u00bb padding_top=\u00a0\u00bb87&Prime; padding_bottom=\u00a0\u00bb0&Prime; z_index=\u00a0\u00bb\u00a0\u00bb][vc_column][vc_column_text] Oser, proposer, inventer c&rsquo;est agir pour demain [\/vc_column_text][vc_separator type=\u00a0\u00bbsmall\u00a0\u00bb position=\u00a0\u00bbcenter\u00a0\u00bb up=\u00a0\u00bb7&Prime; down=\u00a0\u00bb38&Prime;][vc_column_text] L\u2019Humain au c\u0153ur de la relation [\/vc_column_text][vc_separator type=\u00a0\u00bbtransparent\u00a0\u00bb up=\u00a0\u00bb31&Prime; down=\u00a0\u00bb19&Prime;][vc_row_inner row_type=\u00a0\u00bbrow\u00a0\u00bb type=\u00a0\u00bbfull_width\u00a0\u00bb text_align=\u00a0\u00bbcenter\u00a0\u00bb css_animation=\u00a0\u00bb\u00a0\u00bb][vc_column_inner][vc_column_text] Cr\u00e9\u00e9e en 1994, la soci\u00e9t\u00e9 T\u00eate D\u00e9fense est&#8230;<\/p>\n","protected":false},"author":1,"featured_media":15752,"parent":0,"menu_order":0,"comment_status":"open","ping_status":"closed","template":"full_width.php","meta":{"footnotes":""},"class_list":["post-14869","page","type-page","status-publish","has-post-thumbnail","hentry"],"_links":{"self":[{"href":"https:\/\/www.tetedefense.fr\/index.php\/wp-json\/wp\/v2\/pages\/14869","targetHints":{"allow":["GET"]}}],"collection":[{"href":"https:\/\/www.tetedefense.fr\/index.php\/wp-json\/wp\/v2\/pages"}],"about":[{"href":"https:\/\/www.tetedefense.fr\/index.php\/wp-json\/wp\/v2\/types\/page"}],"author":[{"embeddable":true,"href":"https:\/\/www.tetedefense.fr\/index.php\/wp-json\/wp\/v2\/users\/1"}],"replies":[{"embeddable":true,"href":"https:\/\/www.tetedefense.fr\/index.php\/wp-json\/wp\/v2\/comments?post=14869"}],"version-history":[{"count":52,"href":"https:\/\/www.tetedefense.fr\/index.php\/wp-json\/wp\/v2\/pages\/14869\/revisions"}],"predecessor-version":[{"id":16616,"href":"https:\/\/www.tetedefense.fr\/index.php\/wp-json\/wp\/v2\/pages\/14869\/revisions\/16616"}],"wp:featuredmedia":[{"embeddable":true,"href":"https:\/\/www.tetedefense.fr\/index.php\/wp-json\/wp\/v2\/media\/15752"}],"wp:attachment":[{"href":"https:\/\/www.tetedefense.fr\/index.php\/wp-json\/wp\/v2\/media?parent=14869"}],"curies":[{"name":"wp","href":"https:\/\/api.w.org\/{rel}","templated":true}]}}